 divisor of 144 and 1377.
9
Calculate the highest common divisor of 70 and 28.
14
Calculate the greatest common divisor of 9 and 33.
3
What is the greatest common divisor of 68 and 3196?
68
What is the greatest common divisor of 9 and 7893?
9
Calculate the greatest common divisor of 164 and 246.
82
Calculate the highest common divisor of 270 and 342.
18
Calculate the highest common divisor of 126 and 54.
18
What is the greatest common factor of 100 and 118?
2
What is the highest common divisor of 6 and 8?
2
Calculate the greatest common factor of 252 and 3504.
12
What is the greatest common divisor of 54 and 450?
18
Calculate the greatest common factor of 9 and 4509.
9
Calculate the greatest common divisor of 40 and 13960.
40
Calculate the highest common factor of 26 and 494.
26
Calculate the highest common divisor of 1463 and 304.
19
What is the greatest common factor of 136 and 3332?
68
Calculate the greatest common divisor of 9 and 15.
3
What is the highest common factor of 2673 and 1944?
243
What is the greatest common factor of 910 and 715?
65
What is the highest common factor of 44 and 108?
4
Calculate the highest common factor of 52 and 1300.
52
What is the highest common divisor of 190 and 230?
10
Calculate the highest common factor of 25 and 4.
1
What is the highest common divisor of 68 and 1054?
34
Calculate the highest common divisor of 1746 and 18.
18
Calculate the greatest common divisor of 39 and 3198.
39
Calculate the highest common divisor of 789 and 263.
263
What is the greatest common factor of 200 and 50?
50
Calculate the highest common divisor of 100 and 5350.
50
What is the greatest common factor of 10 and 10680?
10
Calculate the highest common factor of 1581 and 186.
93
Calculate the greatest common factor of 642 and 48.
6
Calculate the highest common factor of 10 and 3890.
10
Calculate the greatest common divisor of 78 and 14482.
26
Calculate the highest common factor of 47 and 18236.
47
What is the highest common divisor of 1560 and 90?
30
Calculate the highest common divisor of 55 and 2035.
55
Calculate the greatest common divisor of 1 and 587.
1
What is the greatest common factor of 9 and 6093?
9
What is the highest common divisor of 15238 and 152?
38
Calculate the greatest common divisor of 1008 and 162.
18
Calculate the highest common factor of 48 and 6.
6
Calculate the greatest common factor of 99 and 27.
9
What is the greatest common factor of 16 and 3032?
8
What is the highest common factor of 44 and 12?
4
What is the greatest common divisor of 722 and 76?
38
What is the highest common factor of 11973 and 39?
39
Calculate the greatest common factor of 2392 and 208.
104
What is the greatest common divisor of 18069 and 57?
57
What is the highest common divisor of 1963 and 273?
13
Calculate the highest common divisor of 4 and 18.
2
What is the highest common divisor of 893 and 57?
19
Calculate the highest common factor of 3 and 753.
3
Calculate the highest common factor of 644 and 276.
92
Calculate the greatest common divisor of 23 and 1.
1
What is the highest common factor of 4 and 28?
4
What is the greatest common divisor of 2230 and 20?
10
What is the highest common divisor of 18 and 1773?
9
Calculate the highest common divisor of 510 and 150.
30
What is the greatest common divisor of 245 and 441?
49
Calculate the highest common factor of 345 and 621.
69
Calculate the highest common divisor of 74 and 222.
74
Calculate the greatest common factor of 177 and 59.
59
Calculate the greatest common divisor of 11269 and 59.
59
What is the greatest common factor of 120 and 750?
30
Calculate the highest common divisor of 43 and 4.
1
What is the highest common factor of 6 and 20?
2
What is the greatest common divisor of 108 and 4?
4
Calculate the greatest common factor of 912 and 6498.
114
What is the highest common divisor of 8242 and 286?
26
What is the greatest common factor of 414 and 1104?
138
Calculate the greatest common factor of 93 and 8618.
31
Calculate the greatest common factor of 667 and 23.
23
Calculate the highest common divisor of 75 and 375.
75
What is the greatest common divisor of 33 and 39?
3
What is the greatest common factor of 5697 and 27?
27
What is the greatest common factor of 36 and 11472?
12
What is the greatest common factor of 3146 and 182?
26
What is the greatest common divisor of 162 and 30?
6
Calculate the greatest common divisor of 5044 and 52.
52
What is the greatest common factor of 32 and 6?
2
Calculate the greatest common divisor of 45 and 180.
45
What is the greatest common divisor of 42 and 609?
21
What is the greatest common divisor of 20 and 740?
20
What is the greatest common divisor of 20 and 115?
5
Calculate the highest common divisor of 9 and 990.
9
What is the highest common divisor of 39 and 12?
3
What is the highest common factor of 11 and 2?
1
Calculate the greatest common divisor of 21 and 140.
7
What is the greatest common divisor of 44 and 11?
11
Calculate the highest common factor of 116 and 261.
29
Calculate the greatest common factor of 275 and 220.
55
Calculate the greatest common divisor of 18 and 846.
18
Calculate the highest common divisor of 28 and 10444.
28
What is the greatest common divisor of 158 and 72838?
158
What is the highest common divisor of 672 and 840?
168
Calculate the highest common divisor of 64 and 448.
64
Calculate the greatest common divisor of 140 and 1204.
28
Calculate the greatest common factor of 55 and 22.
11
What is the highest common divisor of 3913 and 91?
91
Calculate the greatest common divisor of 740 and 9916.
148
What is the greatest common factor of 126 and 288?
18
What is the highest common factor of 3886 and 116?
58
What is the greatest common factor of 33 and 902?
11
What is the greatest common factor of 780 and 5?
5
What is the greatest common factor of 68 and 1802?
34
Calculate the highest common divisor of 136 and 170.
34
Calculate the greatest common divisor of 3185 and 140.
35
Calculate the highest common factor of 47 and 2585.
47
What is the highest common divisor of 459 and 2091?
51
What is the highest common divisor of 19 and 2869?
19
What is the greatest common factor of 23016 and 336?
168
What is the greatest common factor of 5 and 65?
5
Calculate the highest common divisor of 1288 and 1232.
56
What is the greatest common factor of 60 and 188?
4
What is the greatest common divisor of 45 and 810?
45
Calculate the highest common divisor of 4 and 3316.
4
What is the highest common factor of 48 and 8196?
12
What is the greatest common divisor of 246 and 287?
41
What is the highest common divisor of 60 and 948?
12
What is the highest common factor of 89 and 623?
89
What is the greatest common divisor of 266 and 1729?
133
What is the greatest common factor of 688 and 80?
16
Calculate the greatest common factor of 3828 and 116.
116
What is the highest common factor of 4777 and 85?
17
What is the greatest common factor of 39 and 871?
13
What is the highest common factor of 109 and 153581?
109
What is the greatest common factor of 462 and 66?
66
What is the highest common factor of 64 and 448?
64
Calculate the greatest common divisor of 22 and 209.
11
Calculate the highest common factor of 92 and 36.
4
Calculate the greatest common divisor of 1131 and 78.
39
What is the greatest common factor of 1539 and 57?
57
Calculate the greatest common divisor of 60 and 35.
5
What is the greatest common divisor of 274 and 2?
2
Calculate the highest common factor of 1104 and 36.
12
Calculate the highest common divisor of 2088 and 672.
24
What is the greatest common divisor of 801 and 531?
9
What is the highest common factor of 333 and 42624?
333
What is the highest common divisor of 5 and 1405?
5
What is the highest common divisor of 7 and 49?
7
Calculate the greatest common divisor of 6 and 150.
6
What is the highest common factor of 42 and 21196?
14
Calculate the greatest common divisor of 58 and 1102.
58
Calculate the highest common divisor of 4 and 556.
4
What is the greatest common factor of 7 and 49?
7
Calculate the greatest common divisor of 768 and 24.
24
What is the greatest common divisor of 27 and 3?
3
What is the highest common factor of 3105 and 15?
15
Calculate the greatest common divisor of 327 and 6.
3
Calculate the high